f -t**4/4 - t**3/3 + t**2 + t + 1485. Give x(z).
-7
Let l(y) = -13881 + 28150 - 14056 - 19*y. Determine l(11).
4
Let b = 19361 + -19318. Let d(i) = i**3 - 43*i**2 - 3*i + 105. Determine d(b).
-24
Let k(p) = 8*p**2 + 6*p - 21. Let f(i) = 11*i**2 + 9*i - 30. Let o(h) = 5*f(h) - 7*k(h). Determine o(0).
-3
Let b be 466/10 - 7/((-35)/2). Suppose b*o - 46*o = -4*d + 3, -3*d + 4*o + 7 = 0. Let u(w) = 10*w. Calculate u(d).
10
Let h = -295 + 288. Let a(f) be the third derivative of f**4/24 - f**3/2 - 4*f**2 + 6*f. Calculate a(h).
-10
Let w(m) = 27*m - 30*m - 7*m**2 - 7*m**3 + 8*m**3 + 10. Let k be w(3). Let x = k - -35. Let r(v) = -v**3 + v**2 - v + 3. Give r(x).
3
Let q(n) = -n**2 + 1104 + 2*n - 2231 + 1108. Determine q(5).
-34
Let q = 58 - 55. Let s(t) = -4*t**2 - q*t + t**3 - 3*t**2 - 3*t**2 + 12*t**2 + 0*t**2 + 1. Let y(v) = v**3 + 2*v**2 + v - 1. Let j be y(-2). What is s(j)?
1
Let d(b) be the second derivative of -13*b**4/6 + b**3/6 - b**2 - 5038*b. Give d(-2).
-108
Let k(q) be the first derivative of q**4/2 - 2*q**3/3 - q**2/2 + q - 1. Let o be ((-19)/(95/2))/(1/(-15)*3). Calculate k(o).
7
Let k(q) = q**2 + 5*q - 3. Suppose -2*j + 9 = 7*j. Suppose j = -f - o, 0 = 6*f - 11*f + 2*o - 40. Give k(f).
3
Let h be (-24)/588*-21 - 390/504. Let q(c) be the second derivative of -4/3*c**3 + h*c**4 + 3*c**2 + 0 - 45*c. Calculate q(6).
-6
Let j(p) = -p**3 - 13*p**2 - 24*p - 26. Let k be j(-11). Let q(l) = 8*l**2 + 14*l + 9. Let u(i) = 3*i**2 + 5*i + 3. Let x(t) = k*q(t) + 11*u(t). What is x(3)?
3
Let x(j) = 2*j - 2. Suppose 11*i - 38 = 6. Suppose -b + 6 = h, -i*h - 25 = -3*b - 0*h. What is x(b)?
12
Let r(l) be the second derivative of 7*l**3/2 - 339*l**2/2 - l + 55. Give r(16).
-3
Suppose 3*c - 5*c - 8 = -3*o, 0 = 3*o - c - 10. Let i(t) = 4*t + 6 - 3*t + t - o*t. Suppose -11*z + 46*z = -13*z + 288. What is i(z)?
-6
Suppose -107 = -3*g + 2*r, g - 3*g = -3*r - 63. Let q = g - 33. Let i(x) = -x**3 + 6*x**2 + 3*x + 8. Calculate i(q).
26
Let f(i) = i**3 - 2*i + 2. Suppose 2*d + d = -9. Let k(u) = 5*u - 59. Let y(z) = -4*z + 50. Let g(l) = 5*k(l) + 6*y(l). Let m be g(d). Determine f(m).
6
Let z(l) = 918*l + 565. Let o(f) = 593*f + 377. Let s(t) = -11*o(t) + 7*z(t). Calculate s(-2).
2
Let k(s) = -3*s + 2*s - 8*s**2 - 8*s - s**3. Let q be 1 + 9 + (-13192)/776. Give k(q).
14
Let v be ((-2)/2 + (-108)/(-81))/1. Let s(i) be the second derivative of 6*i - v*i**3 + 0 - 4*i**2. Calculate s(6).
-20
Let c(d) = d**3 - 50*d**2 - 48*d - 164. Let b be c(51). Let j(h) = -5*h - 38. Calculate j(b).
17
Let y(z) = -19*z**3 - 15*z - 176. Let u(v) = 3*v**3 - 2*v**2 - 1. Let p(n) = 6*u(n) + y(n). What is p(-12)?
-2
Let t(k) = -k**3 + 9*k**2 - 7*k + 8. Let g(a) = 6*a**3 - 46*a**2 + 35*a - 41. Let f(z) = -2*g(z) - 11*t(z). Let u be f(-8). Let y(r) = r - 1. Give y(u).
1
Let a(w) = w**3 + 19*w**2 + 17*w + 3. Let q = -5018 + 5000. Determine a(q).
21
Suppose 556 = 5*a + b, -5*a = -10*a + b + 554. Let y = a - 109. Let f(t) = 5*t - t**3 - 4*t**2 + 8*t**2 - y + 5 - 5*t**2. Calculate f(-3).
6
Let o(d) = -d**3 + 3*d**2 + 2*d + 12. Let g be o(4). Let y(t) = 0 - 42*t**2 - g - 5*t + 2 + 48*t**2 - 2*t**3 + t**3. Calculate y(4).
10
Let z(u) be the second derivative of -u**4/12 + 5*u**3/3 - 2*u**2 + 98*u. Let q(i) = -5*i + 2. Let x(l) = -5*q(l) - 3*z(l). Give x(3).
14
Let x(v) = v**3 - 2*v**2 - v - 4. Suppose -2*u + 3 = 3*z, 5*z - 383 = -2*u - 370. Determine x(z).
66
Let x(s) = -s**2 + 6*s - 5. Let h = 143 + -139. Suppose 2 = -h*d + 18. What is x(d)?
3
Let l(c) = -c**3 + 2*c**2 + c - 30. Let w(h) = -2*h**3 + 4*h**2 - 5*h - 69. Let i(j) = -5*l(j) + 2*w(j). Calculate i(6).
66
Let x be (-150)/8*2932/(-2199). Let l(r) = -r**3 + 25*r**2 - 5*r + 9. Determine l(x).
-116
Let s(f) = -2*f**2 - 14*f + 16. Let i be (-4 - -5) + (-65)/55 + 1118/(-143). Determine s(i).
0
Let d(f) = -f**2 - 6*f - 4. Let a(z) = -z**3 - 3*z**2 + 4*z + 4. Suppose x + 2*x + 12 = -3*t, 0 = 3*x. Let q be a(t). Let y = -8 + q. What is d(y)?
4
Let z(p) = -p**3 - 5*p**2 - 7. Let c be 58/5655*39*(-50)/4. Determine z(c).
-7
Let w(v) be the third derivative of 0 - 89*v**2 + 1/3*v**3 - 1/24*v**4 + 0*v. Let f = 3 + -3. What is w(f)?
2
Let j(w) = -9*w**3 - 33*w**2 + 28*w + 60. Let z(k) = -11*k**3 - 34*k**2 + 27*k + 62. Let r(q) = -5*j(q) + 4*z(q). Determine r(-30).
8
Let m(n) be the second derivative of -4*n**3/3 - 15*n**2 + 14*n - 1. What is m(3)?
-54
Let n = -150 - -197. Let d(g) = n*g + 2 - 48*g - 2 - 11. Give d(-5).
-6
Let j(m) = 86*m**2 + 80*m**2 - 3*m - m**3 - 160*m**2. Let i be (-16)/56*14*-1. Calculate j(i).
20
Let c(o) = o - 5. Let t = -191 - -197. Suppose 2*v = -4*x + 12, -7*x + 3 = 3*v - t*x. Determine c(v).
-5
Let s(a) be the third derivative of -a**6/120 - a**4/24 + a**3 - 85*a**2 + 3*a. Determine s(2).
-4
Suppose -4 + 52 = 2*g. Suppose p + 2*p + g = 0. Let u(y) be the second derivative of y**4/12 + 4*y**3/3 + 7*y**2/2 + 385*y - 2. Calculate u(p).
7
Suppose -5*b + b + 26 = 2*s, -b = s - 12. Suppose -16*t = s - 91. Let c(y) be the second derivative of -y**4/12 + 2*y**3/3 + 2*y**2 - y. Determine c(t).
-1
Suppose -26*r + 8 = -22*r. Let j(v) = 16*v. Let z(i) = 5*i. Let f(n) = r*j(n) - 7*z(n). What is f(-2)?
6
Let x(d) = -d**2. Suppose -5*a + 5 = -5*i, 0 = -8*i + 7*i. Let u(v) = v - 1. Let t be u(-2). Let g be t - (a + -4 + 4). Calculate x(g).
-16
Let n(z) = -6*z - 176. Suppose 3*c = -4*d - 71, -46*c + 4*d = -48*c - 42. Calculate n(c).
-2
Suppose d + 34 = 5*m + 45, 4*m = -4*d - 4. Let g(r) = -5*r**2 + 3*r + 6. Determine g(m).
-20
Suppose -585 = -19*r - 26*r. Let q be r/91 + 69/7. Let w(v) = v**3 - 9*v**2 - 10*v - 5. Calculate w(q).
-5
Let t(n) be the second derivative of -n**6/40 + 53*n**4/4 - 28*n - 1. Let j(k) be the third derivative of t(k). Calculate j(-1).
18
Let o(b) = 15*b + 1. Let z(g) = -g**2 + 13*g - 2. Let x(v) = o(v) - z(v). Let t be 24/(-13) - (-8)/(-52). What is x(t)?
3
Let d(c) = -11*c**2 + 11*c - 13. Let z(a) be the second derivative of -5*a**4/12 + 2*a**3/3 - 7*a**2/2 - 2*a - 2. Let n(p) = 4*d(p) - 9*z(p). Determine n(-7).
4
Suppose -8*v + 2*v = 240. Let w = v + 42. Let h(n) = 5*n + 2 - 1 + n**w - 10*n + 6. Give h(6).
13
Let o be (94/(-235))/((-2)/80). Let q(u) = 2*u**2 + 21 + 13*u**2 + 2*u**2 - o*u**2. Give q(0).
21
Suppose 0 = 3*k - 36 - 243. Let m = 100 - k. Suppose 29 = -12*t - m. Let a(d) = d**3 + 3*d**2. Determine a(t).
0
Let l(f) = f**2. Suppose 14*r - 7 = 21. Let g(o) = -12*o**2 - 1 + 4*o**r + 1 - 1 + o. Let t(z) = -2*g(z) - 18*l(z). Calculate t(-3).
-10
Let g(l) = 6*l + 185. Suppose 3960 = -37*i - 95*i. Calculate g(i).
5
Let n(f) = 4*f - 107. Let z(a) = 4*a - 117. Let k(p) = 6*n(p) - 5*z(p). Determine k(13).
-5
Let u(a) = -30*a - 2796. Let g be u(-93). Let o(d) = -d**2 - 25*d - 113. Determine o(g).
1
Suppose -3*i - 2*o + 36 = 0, -6*i - 48 = -10*i - o. Let m(q) = -q**3 + 13*q**2 - 16*q + 11. Determine m(i).
-37
Let u(a) = a**2 + 6*a - 10. Let x = 364 - 436. Let p be ((-2)/(-3))/(6/x). Determine u(p).
6
Let x(t) = t**2 - 26*t - 29. Suppose -12*i = -595 + 271. What is x(i)?
-2
Let c(o) = o**3 + 8*o**2 + 4*o - 17. Suppose 5*v = -5*d + 3765, 0*v - 778 = -d + 4*v. Suppose -28 = d*p - 754*p. Calculate c(p).
4
Let m(z) = -2*z**2 - 12 + 4*z**2 - 8*z + 9 - 3*z**2 + 11. Give m(-7).
15
Let u(v) = 0 + 14585*v**2 - 14598*v**2 + 0 - v. Let f = -62 + 63. Calculate u(f).
-14
Let m(n) = -n**3 - 10*n**2 + 9*n - 17. Let u be m(-11). Suppose 32*z = 27*z + u. Let s(w) be the second derivative of -23*w**5/20 + w**2/2 + w. Calculate s(z).
-22
Let i(x) = x**2 - 95*x + 1552. Let t be i(21). Let u(d) = 6*d**3 + d**2 + 2*d - 1. What is u(t)?
-49
Let a(m) = -1029*m**2 - 2*m**3 + 11*m - 13 + 3*m**3 + 1042*m**2. Let n = -8 - -11. Suppose n*w - 3 = j + 3, -3*w + 30 = -3*j. What is a(j)?
-1
Let n be 3 + 4*(6 + -5). Let p(z) = 61 - n*z - 128 + 65. What is p(-3)?
19
Let a(l) = 10*l + 3. Suppose -40*y + 1 = -38*y + c, -4*y = 4*c - 12. Give a(y).
-17
Let q(j) = -10513*j - 10529*j - 159 + 21050*j. Determine q(21).
9
Let v(i) = 2*i - 9. Let u be 4 + -9*(-3 + 4) + 8. Give v(u).
-3
Let x(g) = g - 6. Let i be x(8). Let n(l) = -14*l**2 + 29*l**i - 7*l + 7 - 8*l**2 - l**3. Let t be (-1 - 0 - (-3)/2)*10. Determine n(t).
22
Suppose 7*p = 45 + 95. Suppose 0 = -15*v + p*v - 5. Let o(s) = -26*s + 1. Determine o(v).
-25
Let m(u) = 2*u**2 - 5*u + 3. Let n be ((